4*w = -3*o + 17, 0 = -8*w + 12*w - 5*o + 7. What is the hundreds digit of g(w)?
7
Let d(s) = 4*s - 112. Let l be d(21). Suppose 0*q + 5*q = 300. Let c = q + l. What is the tens digit of c?
3
Let g(r) = -r**2 - r + 9. Let c be g(-3). Suppose c*y + 24 = 9*y. Suppose -5*n = -f + 2*f - 132, y*f - 528 = 2*n. What is the hundreds digit of f?
1
Let r = 1026 - 696. Let m = -39 + r. Suppose 348 = 3*i - m. What is the tens digit of i?
1
Let g(w) = 13*w**2 - 10*w - 21. Let q(y) = -11*y**2 + 9*y + 20. Let x(f) = 3*g(f) + 2*q(f). What is the tens digit of x(-5)?
6
Suppose -10*p + 8*p + 14 = 0. Suppose 0 = 7*b + 35 + p. Let t(j) = -j**2 - 7*j + 10. What is the units digit of t(b)?
6
Suppose -4*f = p - 225799, -3*p + 103460 = 5*f - 178801. What is the tens digit of f?
4
Let o(d) = 815*d - 1925. What is the ten thousands digit of o(28)?
2
What is the units digit of 1160 - (48/(-22) + (-76)/(-418))?
2
Suppose -193258*i + 193259*i - 11128 = 0. What is the ten thousands digit of i?
1
Let t = 10 - 7. Suppose 0 = -2*m + 5*b - 23, 2*m + t*b - 14 - 3 = 0. What is the units digit of -98*m/(-2)*(-11 + 12)?
9
Let p(k) = -144*k + 2427. What is the thousands digit of p(-10)?
3
Let j(s) = 22*s - 249. Let d(y) = -13*y - 9. Let f be d(-4). What is the units digit of j(f)?
7
Let k = -84477 + 147784. What is the ten thousands digit of k?
6
Let v = -6825 + 19155. What is the tens digit of v?
3
Let y(a) be the third derivative of -a**6/120 + 17*a**5/60 + 3*a**4/8 - 5*a**3/6 + 11*a**2. Let d be y(18). What is the hundreds digit of 0 + (0 - 1) - d?
1
Suppose -202*x + 13582 = -204*x. What is the units digit of -3*(-4)/(-84) + x/(-7)?
0
Let s(a) = 28*a - 3*a**3 - 6*a**3 + 10*a**3 - 58*a - 10*a**2 - 3*a**3 - 33. What is the thousands digit of s(-11)?
1
Suppose -4*x - 12 = x - 4*m, -5*x - 5*m = -15. Suppose 4*t + 3*c - 3073 = x, 5*t - 4*t - 4*c = 792. What is the tens digit of t?
7
Suppose 46*q - 171027 = 37*q. What is the thousands digit of q?
9
Suppose -g + 4*k + 14640 = 4*g, -g = 2*k - 2942. Let i = g + -1142. What is the tens digit of i?
9
Let w = 55 + -33. Suppose 2*m - 18 = w. Suppose -f = -67 + m. What is the units digit of f?
7
Suppose 13*p = -3682 + 4689 + 15477. What is the units digit of p?
8
Suppose -5*h = -u, -4*h = u - 5*h + 4. Let c be -6 + (u - -9) - -7. Suppose 3*q + 111 = 4*z, 41 - 117 = -3*z - c*q. What is the tens digit of z?
2
Suppose -2*m + 3*o + 22 = 0, -5*m - o = 3*o - 9. Suppose -m + 11 = 3*w. Suppose -13 = -w*x + 1. What is the units digit of x?
7
Suppose -16981 = -a + 2*g + 32753, 2*a = 5*g + 99460. What is the tens digit of a?
5
Let u(a) = a**3 + 2*a + 132. Let s be u(0). Suppose 8 = -s*d + 136*d. What is the units digit of ((-45)/(-60))/(d/16)?
6
What is the thousands digit of 133932/204*13 - ((-75)/(-85) - 1)?
8
Suppose 4 = 3*x - 2. Let c(p) = -12 - 10*p + 3*p + p**3 + 7 - 12*p**x - p. What is the units digit of c(13)?
0
Let v be -5 - -6 - (-6 + -1 + -1). Suppose 8*b - v*b = 5. What is the tens digit of 902/11 - (b - -2)?
8
Suppose 4 = -2*r, 12*n - 14*n + 15324 = -3*r. What is the tens digit of n?
5
Let i(k) = -522*k - 131. Let y be i(-3). Suppose 0 = -2*l - 73*h + 76*h + y, 3*h = 3. What is the units digit of l?
9
Let q(x) = x**3 - 17*x**2 - 4*x + 36. Let w be (-5)/(30/27)*1*-4. What is the hundreds digit of q(w)?
2
Suppose 3*r - 3*z - 183744 = 0, 31695 = r - 5*z - 29589. What is the ten thousands digit of r?
6
Let d be 2 - 127*-5 - 1 - 0. Let i = -442 + d. What is the tens digit of i?
9
Suppose 2*q - 2*l = 6, l - 3 = -5*q + 6. Suppose -3*y + 2310 = 3*x, -3*x - q*y - 222 + 2536 = 0. What is the hundreds digit of x?
7
Let m(n) = 6*n - 8. Let u be m(11). Let g = -56 + u. Suppose -3*t - x + 357 = 0, 4*t + g*x - 468 = -2*x. What is the units digit of t?
0
Suppose 16*v - 141367 + 16861 = 87766. What is the thousands digit of v?
3
Suppose 218*a = -300*a + 30831878. What is the ten thousands digit of a?
5
Let q be 38/(-10) - -4 - (-14)/5. Suppose 200 = q*k - 208. What is the hundreds digit of k?
1
Suppose -3717 = -210*w + 201*w. Let b(g) = -8*g**2 - 7*g - 5. Let d be b(-6). Let m = w + d. What is the tens digit of m?
6
Let c be (-4200)/91 - 1*2/(-13). Let x(f) = 16*f**3 + 2*f**2. Let r be x(2). Let d = r + c. What is the units digit of d?
0
Let c(r) = 23*r**2 - 20*r - 50. Suppose -o + 4*o = -x - 13, -2*x + 7 = -5*o. What is the hundreds digit of c(x)?
3
Let k(r) = -99*r**2 + 95*r**2 - 4 + 5*r + r**3 - 10. Let l be k(4). Suppose 3*o - l*o + 327 = 0. What is the hundreds digit of o?
1
Suppose -3*i - 17 = -5*c + 4, 2*c + 3*i = 0. Suppose 2*l - 2*b - 738 = 0, -3*l - 99 = c*b - 1218. What is the units digit of l?
1
Let q = 306 - 86. Suppose -3*g + 232 = 2*g + m, 5*g - 5*m - q = 0. What is the units digit of g?
6
Let m(p) = -p**2 - 7*p - 4. Let f be m(-4). Suppose -f + 0 = 4*n. What is the tens digit of 4400/130 - n/13?
3
Let m be (33/(-6) + 1)/(6/(-8)). Suppose 482 - 12320 = -m*s. What is the units digit of s?
3
Let i be 3388/56 - 1/2. What is the units digit of 5*-1*(-6456)/i?
8
Suppose -2*c = -5*c + 3*s - 288, -3*s = 5*c + 496. Let k = c - -89. What is the units digit of k/3*(-53)/3?
3
Let k be (24/(-15))/((-8)/(-20)) + -1. What is the tens digit of 26 - (k + 3 - (-18)/6)?
2
Suppose 8*k = 11*k - 12. Suppose -k*j = -3559 + 1371. What is the units digit of j?
7
Suppose 0 = -4*u - u - 5*t - 25, u - 20 = 4*t. Let w = 32 - 25. Suppose u = w*c - 4*c - 114. What is the units digit of c?
8
Suppose 20*p = -25*p + 44100. Let t = p - 459. What is the units digit of t?
1
Let h = 211 + -218. Let g = 44 - h. What is the tens digit of g?
5
Let q be (-1 - -1)*((-6)/4)/(-3). Suppose 0 = 5*p - 25, 3*y - y - 4*p - 980 = q. What is the hundreds digit of y?
5
Let d = 1745 - -6858. What is the hundreds digit of d?
6
Let s(r) = 24*r**3 - 14*r**2 + 31*r - 42. Let w(d) = -13*d**3 + 7*d**2 - 16*d + 21. Let l(u) = 6*s(u) + 11*w(u). What is the units digit of l(7)?
9
What is the tens digit of 3*(-16)/(672/(-364910)) - (0 - 4)?
6
What is the units digit of (-312)/(-1092) + 12/7 + (3337 - 0)?
9
Suppose -v = -2*v + 11. Suppose -v*m + 639 = -1033. What is the tens digit of m?
5
Let t(m) = -2*m**3 - m**2 - m - 4. Let d be t(-2). Let z(v) = -v + d + 0*v - 2*v + 5*v. What is the units digit of z(-3)?
4
Let f(u) be the first derivative of 57*u**2 - 28*u - 21. What is the hundreds digit of f(6)?
6
What is the thousands digit of (-92)/966 + 4882913/147?
3
Let f = 923 - -373. Suppose -6*l + 5*l + 3*b + 263 = 0, 5*l + 4*b - f = 0. What is the hundreds digit of l?
2
Let t(f) = -5*f**3 - f**2 + 3*f + 1. Let s be t(2). Let u = -18 + s. What is the tens digit of (-10)/(-55) - 4500/u?
8
Let l = 8306 + 7966. Suppose -l = -11*i - 13*i. What is the hundreds digit of i?
6
Suppose -58*s = -62*s - 28320 + 78684. What is the units digit of s?
1
Suppose -21*t + 551514 = -12840. What is the ten thousands digit of t?
2
Let c(q) = 14*q**3 + 18*q**2 - 238*q + 29. What is the ten thousands digit of c(11)?
1
Let f be 1 + -4 + (4 - 4). Let o = 17 - f. What is the units digit of 6/(-60) - (-882)/o?
4
Let k be (-9)/(-7) + 4/(-14). Suppose -2 = -t + 5*w + 18, 0 = 5*w + 20. Suppose t = -a - k + 52. What is the units digit of a?
1
Suppose -8*r + 6*r - 10 = 0. Let y(g) = -g**3 - 5*g**2 - 6*g - 4. Let q be y(r). Suppose -19*o = -q*o + 1694. What is the tens digit of o?
4
Let d(n) = -29369*n + 2377. What is the ten thousands digit of d(-1)?
3
Let q = 3 - -2. Suppose -q*k = 5*o - 1055, 3*o - 407 = o - 5*k. Suppose 3*m = 6*m - o. What is the tens digit of m?
7
Let x be ((-4)/6)/(25/(-75)). Suppose 4*g - z - 166 = 0, x*g - 74 = 4*z - 8*z. What is the tens digit of g?
4
Suppose 0*j + 700 = 2*j. Suppose -16*d = -11*d - j. Suppose 2*k + 6*c - 135 = 3*c, 0 = k + 4*c - d. What is the tens digit of k?
6
Let g(h) = h + 1. Let q(c) = 3*c - 15. Let s(l) = 4*g(l) + q(l). Let v be s(4). Suppose 2*j + 29 = -2*d + 83, -v = -d + j. What is the units digit of d?
2
Suppose -5*y = 4*l - 61750 - 3290, 5*y = -2*l + 32510. What is the units digit of l?
5
Let l be 175/5*2 - -1. Suppose 0 = -l*p + 70*p + 553. What is the units digit of p?
3
Suppose 9*v - 4*x = 395417, -4*v = -9*v + 5*x + 219690. What is the tens digit of v?
3
Suppose 53 = 4*y - 2*i - 3*i, 0 = 5*y + i - 59. Suppose -y*q = q - 130. What is the tens digit of q/95 + 1594/19?
8
Suppose 9